{"id":620,"date":"2024-06-13T16:02:30","date_gmt":"2024-06-13T14:02:30","guid":{"rendered":"https:\/\/ndp-enghien.org\/Newsite\/?page_id=620"},"modified":"2024-06-13T17:55:06","modified_gmt":"2024-06-13T15:55:06","slug":"revues","status":"publish","type":"page","link":"https:\/\/ndp-enghien.org\/Newsite\/revues\/","title":{"rendered":"Revues"},"content":{"rendered":"\t\t<div data-elementor-type=\"wp-page\" data-elementor-id=\"620\" class=\"elementor elementor-620\">\n\t\t\t\t<div class=\"elementor-element elementor-element-dd2fca2 e-flex e-con-boxed e-con e-parent\" data-id=\"dd2fca2\" data-element_type=\"container\" data-e-type=\"container\">\n\t\t\t\t\t<div class=\"e-con-inner\">\n\t\t\t\t<div class=\"elementor-element elementor-element-9123e7e elementor-widget elementor-widget-text-editor\" data-id=\"9123e7e\" data-element_type=\"widget\" data-e-type=\"widget\" data-widget_type=\"text-editor.default\">\n\t\t\t\t<div class=\"elementor-widget-container\">\n\t\t\t\t\t\t\t\t\t<p>Depuis 2020, nous avons d\u00e9cid\u00e9 de d\u00e9mat\u00e9rialiser la revue de l&rsquo;\u00e9cole, vous pouvez dor\u00e9navant suivre l&rsquo;actualit\u00e9 de l&rsquo;\u00e9tablissement sur notre <strong><a href=\"https:\/\/ndp-enghien.org\/mag\/\" target=\"_blank\" rel=\"noopener\">site magazine<\/a><\/strong>.<\/p>\t\t\t\t\t\t\t\t<\/div>\n\t\t\t\t<\/div>\n\t\t\t\t\t<\/div>\n\t\t\t\t<\/div>\n\t\t<div class=\"elementor-element elementor-element-c832327 e-grid e-con-boxed e-con e-parent\" data-id=\"c832327\" data-element_type=\"container\" data-e-type=\"container\">\n\t\t\t\t\t<div class=\"e-con-inner\">\n\t\t\t\t<div class=\"elementor-element elementor-element-82dd35a elementor-widget elementor-widget-image\" data-id=\"82dd35a\" data-element_type=\"widget\" data-e-type=\"widget\" data-widget_type=\"image.default\">\n\t\t\t\t<div class=\"elementor-widget-container\">\n\t\t\t\t\t\t\t\t\t\t\t\t<figure class=\"wp-caption\">\n\t\t\t\t\t\t\t\t\t\t\t<a href=\"https:\/\/www.calameo.com\/read\/000009369bf066279d512?authid=FC8QA7n4zHF2\" target=\"_blank\">\n\t\t\t\t\t\t\t<img fetchpriority=\"high\" decoding=\"async\" width=\"640\" height=\"905\" src=\"https:\/\/ndp-enghien.org\/Newsite\/wp-content\/uploads\/2024\/06\/couv2020-724x1024.jpg\" class=\"attachment-large size-large wp-image-624\" alt=\"\" srcset=\"https:\/\/ndp-enghien.org\/Newsite\/wp-content\/uploads\/2024\/06\/couv2020-724x1024.jpg 724w, https:\/\/ndp-enghien.org\/Newsite\/wp-content\/uploads\/2024\/06\/couv2020-212x300.jpg 212w, https:\/\/ndp-enghien.org\/Newsite\/wp-content\/uploads\/2024\/06\/couv2020-768x1086.jpg 768w, https:\/\/ndp-enghien.org\/Newsite\/wp-content\/uploads\/2024\/06\/couv2020-1086x1536.jpg 1086w, https:\/\/ndp-enghien.org\/Newsite\/wp-content\/uploads\/2024\/06\/couv2020-1448x2048.jpg 1448w, https:\/\/ndp-enghien.org\/Newsite\/wp-content\/uploads\/2024\/06\/couv2020-scaled.jpg 1811w\" sizes=\"(max-width: 640px) 100vw, 640px\" \/>\t\t\t\t\t\t\t\t<\/a>\n\t\t\t\t\t\t\t\t\t\t\t<figcaption class=\"widget-image-caption wp-caption-text\">2020<\/figcaption>\n\t\t\t\t\t\t\t\t\t\t<\/figure>\n\t\t\t\t\t\t\t\t\t<\/div>\n\t\t\t\t<\/div>\n\t\t\t\t<div class=\"elementor-element elementor-element-ad45418 elementor-widget elementor-widget-image\" data-id=\"ad45418\" data-element_type=\"widget\" data-e-type=\"widget\" data-widget_type=\"image.default\">\n\t\t\t\t<div class=\"elementor-widget-container\">\n\t\t\t\t\t\t\t\t\t\t\t\t<figure class=\"wp-caption\">\n\t\t\t\t\t\t\t\t\t\t\t<a href=\"https:\/\/fr.calameo.com\/read\/0000093696eeda27db0c0?authid=AHCJAiASJAL5\" target=\"_blank\">\n\t\t\t\t\t\t\t<img decoding=\"async\" width=\"640\" height=\"905\" src=\"https:\/\/ndp-enghien.org\/Newsite\/wp-content\/uploads\/2024\/06\/couvrevue2019-724x1024.jpg\" class=\"attachment-large size-large wp-image-627\" alt=\"\" srcset=\"https:\/\/ndp-enghien.org\/Newsite\/wp-content\/uploads\/2024\/06\/couvrevue2019-724x1024.jpg 724w, https:\/\/ndp-enghien.org\/Newsite\/wp-content\/uploads\/2024\/06\/couvrevue2019-212x300.jpg 212w, https:\/\/ndp-enghien.org\/Newsite\/wp-content\/uploads\/2024\/06\/couvrevue2019-768x1086.jpg 768w, https:\/\/ndp-enghien.org\/Newsite\/wp-content\/uploads\/2024\/06\/couvrevue2019-1086x1536.jpg 1086w, https:\/\/ndp-enghien.org\/Newsite\/wp-content\/uploads\/2024\/06\/couvrevue2019.jpg 1240w\" sizes=\"(max-width: 640px) 100vw, 640px\" \/>\t\t\t\t\t\t\t\t<\/a>\n\t\t\t\t\t\t\t\t\t\t\t<figcaption class=\"widget-image-caption wp-caption-text\">2019<\/figcaption>\n\t\t\t\t\t\t\t\t\t\t<\/figure>\n\t\t\t\t\t\t\t\t\t<\/div>\n\t\t\t\t<\/div>\n\t\t\t\t<div class=\"elementor-element elementor-element-33237a3 elementor-widget elementor-widget-image\" data-id=\"33237a3\" data-element_type=\"widget\" data-e-type=\"widget\" data-widget_type=\"image.default\">\n\t\t\t\t<div class=\"elementor-widget-container\">\n\t\t\t\t\t\t\t\t\t\t\t\t<figure class=\"wp-caption\">\n\t\t\t\t\t\t\t\t\t\t\t<a href=\"https:\/\/fr.calameo.com\/read\/00000936901982824c32f?authid=brTRYON6NmA3\" target=\"_blank\">\n\t\t\t\t\t\t\t<img decoding=\"async\" width=\"640\" height=\"905\" src=\"https:\/\/ndp-enghien.org\/Newsite\/wp-content\/uploads\/2024\/06\/couv_revue2018-724x1024.jpg\" class=\"attachment-large size-large wp-image-623\" alt=\"\" srcset=\"https:\/\/ndp-enghien.org\/Newsite\/wp-content\/uploads\/2024\/06\/couv_revue2018-724x1024.jpg 724w, https:\/\/ndp-enghien.org\/Newsite\/wp-content\/uploads\/2024\/06\/couv_revue2018-212x300.jpg 212w, https:\/\/ndp-enghien.org\/Newsite\/wp-content\/uploads\/2024\/06\/couv_revue2018-768x1087.jpg 768w, https:\/\/ndp-enghien.org\/Newsite\/wp-content\/uploads\/2024\/06\/couv_revue2018.jpg 848w\" sizes=\"(max-width: 640px) 100vw, 640px\" \/>\t\t\t\t\t\t\t\t<\/a>\n\t\t\t\t\t\t\t\t\t\t\t<figcaption class=\"widget-image-caption wp-caption-text\">2018<\/figcaption>\n\t\t\t\t\t\t\t\t\t\t<\/figure>\n\t\t\t\t\t\t\t\t\t<\/div>\n\t\t\t\t<\/div>\n\t\t\t\t<div class=\"elementor-element elementor-element-13e8bd9 elementor-widget elementor-widget-image\" data-id=\"13e8bd9\" data-element_type=\"widget\" data-e-type=\"widget\" data-widget_type=\"image.default\">\n\t\t\t\t<div class=\"elementor-widget-container\">\n\t\t\t\t\t\t\t\t\t\t\t\t<figure class=\"wp-caption\">\n\t\t\t\t\t\t\t\t\t\t\t<a href=\"https:\/\/ndp-enghien.org\/Newsite\/wp-content\/uploads\/2024\/06\/enghien2017-WEB.pdf\" target=\"_blank\">\n\t\t\t\t\t\t\t<img loading=\"lazy\" decoding=\"async\" width=\"640\" height=\"905\" src=\"https:\/\/ndp-enghien.org\/Newsite\/wp-content\/uploads\/2024\/06\/couv_revue2017-724x1024.jpg\" class=\"attachment-large size-large wp-image-622\" alt=\"\" srcset=\"https:\/\/ndp-enghien.org\/Newsite\/wp-content\/uploads\/2024\/06\/couv_revue2017-724x1024.jpg 724w, https:\/\/ndp-enghien.org\/Newsite\/wp-content\/uploads\/2024\/06\/couv_revue2017-212x300.jpg 212w, https:\/\/ndp-enghien.org\/Newsite\/wp-content\/uploads\/2024\/06\/couv_revue2017-768x1086.jpg 768w, https:\/\/ndp-enghien.org\/Newsite\/wp-content\/uploads\/2024\/06\/couv_revue2017.jpg 849w\" sizes=\"(max-width: 640px) 100vw, 640px\" \/>\t\t\t\t\t\t\t\t<\/a>\n\t\t\t\t\t\t\t\t\t\t\t<figcaption class=\"widget-image-caption wp-caption-text\">2017<\/figcaption>\n\t\t\t\t\t\t\t\t\t\t<\/figure>\n\t\t\t\t\t\t\t\t\t<\/div>\n\t\t\t\t<\/div>\n\t\t\t\t<div class=\"elementor-element elementor-element-ddd7d4d elementor-widget elementor-widget-image\" data-id=\"ddd7d4d\" data-element_type=\"widget\" data-e-type=\"widget\" data-widget_type=\"image.default\">\n\t\t\t\t<div class=\"elementor-widget-container\">\n\t\t\t\t\t\t\t\t\t\t\t\t<figure class=\"wp-caption\">\n\t\t\t\t\t\t\t\t\t\t\t<a href=\"http:\/\/fr.calameo.com\/read\/0000093691f14bf52098d?authid=D2GDxC4H5miZ\" target=\"_blank\">\n\t\t\t\t\t\t\t<img loading=\"lazy\" decoding=\"async\" width=\"640\" height=\"888\" src=\"https:\/\/ndp-enghien.org\/Newsite\/wp-content\/uploads\/2024\/06\/couv2016-738x1024.jpg\" class=\"attachment-large size-large wp-image-628\" alt=\"\" srcset=\"https:\/\/ndp-enghien.org\/Newsite\/wp-content\/uploads\/2024\/06\/couv2016-738x1024.jpg 738w, https:\/\/ndp-enghien.org\/Newsite\/wp-content\/uploads\/2024\/06\/couv2016-216x300.jpg 216w, https:\/\/ndp-enghien.org\/Newsite\/wp-content\/uploads\/2024\/06\/couv2016-768x1066.jpg 768w, https:\/\/ndp-enghien.org\/Newsite\/wp-content\/uploads\/2024\/06\/couv2016-1106x1536.jpg 1106w, https:\/\/ndp-enghien.org\/Newsite\/wp-content\/uploads\/2024\/06\/couv2016.jpg 1306w\" sizes=\"(max-width: 640px) 100vw, 640px\" \/>\t\t\t\t\t\t\t\t<\/a>\n\t\t\t\t\t\t\t\t\t\t\t<figcaption class=\"widget-image-caption wp-caption-text\">2016<\/figcaption>\n\t\t\t\t\t\t\t\t\t\t<\/figure>\n\t\t\t\t\t\t\t\t\t<\/div>\n\t\t\t\t<\/div>\n\t\t\t\t<div class=\"elementor-element elementor-element-2216d77 elementor-widget elementor-widget-image\" data-id=\"2216d77\" data-element_type=\"widget\" data-e-type=\"widget\" data-widget_type=\"image.default\">\n\t\t\t\t<div class=\"elementor-widget-container\">\n\t\t\t\t\t\t\t\t\t\t\t\t<figure class=\"wp-caption\">\n\t\t\t\t\t\t\t\t\t\t\t<a href=\"https:\/\/ndp-enghien.org\/Newsite\/wp-content\/uploads\/2024\/06\/nd2015.pdf\" target=\"_blank\">\n\t\t\t\t\t\t\t<img loading=\"lazy\" decoding=\"async\" width=\"519\" height=\"739\" src=\"https:\/\/ndp-enghien.org\/Newsite\/wp-content\/uploads\/2024\/06\/couv2015.jpg\" class=\"attachment-large size-large wp-image-629\" alt=\"\" srcset=\"https:\/\/ndp-enghien.org\/Newsite\/wp-content\/uploads\/2024\/06\/couv2015.jpg 519w, https:\/\/ndp-enghien.org\/Newsite\/wp-content\/uploads\/2024\/06\/couv2015-211x300.jpg 211w\" sizes=\"(max-width: 519px) 100vw, 519px\" \/>\t\t\t\t\t\t\t\t<\/a>\n\t\t\t\t\t\t\t\t\t\t\t<figcaption class=\"widget-image-caption wp-caption-text\">2015<\/figcaption>\n\t\t\t\t\t\t\t\t\t\t<\/figure>\n\t\t\t\t\t\t\t\t\t<\/div>\n\t\t\t\t<\/div>\n\t\t\t\t<div class=\"elementor-element elementor-element-223208f elementor-widget elementor-widget-image\" data-id=\"223208f\" data-element_type=\"widget\" data-e-type=\"widget\" data-widget_type=\"image.default\">\n\t\t\t\t<div class=\"elementor-widget-container\">\n\t\t\t\t\t\t\t\t\t\t\t\t<figure class=\"wp-caption\">\n\t\t\t\t\t\t\t\t\t\t\t<a href=\"https:\/\/ndp-enghien.org\/Newsite\/wp-content\/uploads\/2024\/06\/revue2014.pdf\" target=\"_blank\">\n\t\t\t\t\t\t\t<img loading=\"lazy\" decoding=\"async\" width=\"508\" height=\"719\" src=\"https:\/\/ndp-enghien.org\/Newsite\/wp-content\/uploads\/2024\/06\/nd2014.jpg\" class=\"attachment-large size-large wp-image-625\" alt=\"\" srcset=\"https:\/\/ndp-enghien.org\/Newsite\/wp-content\/uploads\/2024\/06\/nd2014.jpg 508w, https:\/\/ndp-enghien.org\/Newsite\/wp-content\/uploads\/2024\/06\/nd2014-212x300.jpg 212w\" sizes=\"(max-width: 508px) 100vw, 508px\" \/>\t\t\t\t\t\t\t\t<\/a>\n\t\t\t\t\t\t\t\t\t\t\t<figcaption class=\"widget-image-caption wp-caption-text\">2014<\/figcaption>\n\t\t\t\t\t\t\t\t\t\t<\/figure>\n\t\t\t\t\t\t\t\t\t<\/div>\n\t\t\t\t<\/div>\n\t\t\t\t<div class=\"elementor-element elementor-element-1814f2d elementor-widget elementor-widget-image\" data-id=\"1814f2d\" data-element_type=\"widget\" data-e-type=\"widget\" data-widget_type=\"image.default\">\n\t\t\t\t<div class=\"elementor-widget-container\">\n\t\t\t\t\t\t\t\t\t\t\t\t<figure class=\"wp-caption\">\n\t\t\t\t\t\t\t\t\t\t\t<a href=\"https:\/\/ndp-enghien.org\/Newsite\/wp-content\/uploads\/2024\/06\/nd2013.pdf\" target=\"_blank\">\n\t\t\t\t\t\t\t<img loading=\"lazy\" decoding=\"async\" width=\"511\" height=\"728\" src=\"https:\/\/ndp-enghien.org\/Newsite\/wp-content\/uploads\/2024\/06\/ndp2013.jpg\" class=\"attachment-large size-large wp-image-626\" alt=\"\" srcset=\"https:\/\/ndp-enghien.org\/Newsite\/wp-content\/uploads\/2024\/06\/ndp2013.jpg 511w, https:\/\/ndp-enghien.org\/Newsite\/wp-content\/uploads\/2024\/06\/ndp2013-211x300.jpg 211w\" sizes=\"(max-width: 511px) 100vw, 511px\" \/>\t\t\t\t\t\t\t\t<\/a>\n\t\t\t\t\t\t\t\t\t\t\t<figcaption class=\"widget-image-caption wp-caption-text\">2013 <\/figcaption>\n\t\t\t\t\t\t\t\t\t\t<\/figure>\n\t\t\t\t\t\t\t\t\t<\/div>\n\t\t\t\t<\/div>\n\t\t\t\t<div class=\"elementor-element elementor-element-f6fbfca e-transform elementor-widget elementor-widget-image\" data-id=\"f6fbfca\" data-element_type=\"widget\" data-e-type=\"widget\" data-settings=\"{&quot;_transform_translateY_effect&quot;:{&quot;unit&quot;:&quot;px&quot;,&quot;size&quot;:0,&quot;sizes&quot;:[]},&quot;_transform_translateX_effect&quot;:{&quot;unit&quot;:&quot;px&quot;,&quot;size&quot;:&quot;&quot;,&quot;sizes&quot;:[]},&quot;_transform_translateX_effect_tablet&quot;:{&quot;unit&quot;:&quot;px&quot;,&quot;size&quot;:&quot;&quot;,&quot;sizes&quot;:[]},&quot;_transform_translateX_effect_mobile&quot;:{&quot;unit&quot;:&quot;px&quot;,&quot;size&quot;:&quot;&quot;,&quot;sizes&quot;:[]},&quot;_transform_translateY_effect_tablet&quot;:{&quot;unit&quot;:&quot;px&quot;,&quot;size&quot;:&quot;&quot;,&quot;sizes&quot;:[]},&quot;_transform_translateY_effect_mobile&quot;:{&quot;unit&quot;:&quot;px&quot;,&quot;size&quot;:&quot;&quot;,&quot;sizes&quot;:[]}}\" data-widget_type=\"image.default\">\n\t\t\t\t<div class=\"elementor-widget-container\">\n\t\t\t\t\t\t\t\t\t\t\t\t<figure class=\"wp-caption\">\n\t\t\t\t\t\t\t\t\t\t<img loading=\"lazy\" decoding=\"async\" width=\"462\" height=\"647\" src=\"https:\/\/ndp-enghien.org\/Newsite\/wp-content\/uploads\/2024\/06\/nd2012.jpg\" class=\"attachment-large size-large wp-image-630\" alt=\"\" srcset=\"https:\/\/ndp-enghien.org\/Newsite\/wp-content\/uploads\/2024\/06\/nd2012.jpg 462w, https:\/\/ndp-enghien.org\/Newsite\/wp-content\/uploads\/2024\/06\/nd2012-214x300.jpg 214w\" sizes=\"(max-width: 462px) 100vw, 462px\" \/>\t\t\t\t\t\t\t\t\t\t\t<figcaption class=\"widget-image-caption wp-caption-text\">2012 - \u00e0 venir<\/figcaption>\n\t\t\t\t\t\t\t\t\t\t<\/figure>\n\t\t\t\t\t\t\t\t\t<\/div>\n\t\t\t\t<\/div>\n\t\t\t\t\t<\/div>\n\t\t\t\t<\/div>\n\t\t\t\t<\/div>\n\t\t","protected":false},"excerpt":{"rendered":"<p>Depuis 2020, nous avons d\u00e9cid\u00e9 de d\u00e9mat\u00e9rialiser la revue de l&rsquo;\u00e9cole, vous pouvez dor\u00e9navant suivre l&rsquo;actualit\u00e9 de l&rsquo;\u00e9tablissement sur notre site magazine. 2020 2019 2018 2017 2016 2015 2014 2013 2012 &#8211; \u00e0 venir<\/p>\n","protected":false},"author":1,"featured_media":0,"parent":0,"menu_order":0,"comment_status":"closed","ping_status":"closed","template":"","meta":{"footnotes":""},"class_list":["post-620","page","type-page","status-publish","hentry"],"_links":{"self":[{"href":"https:\/\/ndp-enghien.org\/Newsite\/wp-json\/wp\/v2\/pages\/620","targetHints":{"allow":["GET"]}}],"collection":[{"href":"https:\/\/ndp-enghien.org\/Newsite\/wp-json\/wp\/v2\/pages"}],"about":[{"href":"https:\/\/ndp-enghien.org\/Newsite\/wp-json\/wp\/v2\/types\/page"}],"author":[{"embeddable":true,"href":"https:\/\/ndp-enghien.org\/Newsite\/wp-json\/wp\/v2\/users\/1"}],"replies":[{"embeddable":true,"href":"https:\/\/ndp-enghien.org\/Newsite\/wp-json\/wp\/v2\/comments?post=620"}],"version-history":[{"count":52,"href":"https:\/\/ndp-enghien.org\/Newsite\/wp-json\/wp\/v2\/pages\/620\/revisions"}],"predecessor-version":[{"id":791,"href":"https:\/\/ndp-enghien.org\/Newsite\/wp-json\/wp\/v2\/pages\/620\/revisions\/791"}],"wp:attachment":[{"href":"https:\/\/ndp-enghien.org\/Newsite\/wp-json\/wp\/v2\/media?parent=620"}],"curies":[{"name":"wp","href":"https:\/\/api.w.org\/{rel}","templated":true}]}}